{"id":7343,"date":"2026-03-13T14:00:16","date_gmt":"2026-03-13T14:00:16","guid":{"rendered":"https:\/\/centerwiper.com\/?post_type=product&#038;p=7343"},"modified":"2026-03-17T19:26:10","modified_gmt":"2026-03-17T19:26:10","slug":"plumillas-delanteras-clio-campus-bosch-classic-eco-2","status":"publish","type":"product","link":"https:\/\/centerwiper.com\/?product=plumillas-delanteras-clio-campus-bosch-classic-eco-2","title":{"rendered":"PLUMILLAS DELANTERAS CLIO CAMPUS   \/BOSCH AEROFIT"},"content":{"rendered":"<p>CARACTER\u00cdSTICAS<\/p>\n<p>Medidas de 20 piloto 18 copiloto<\/p>\n<p>Dise\u00f1o estructura Aerodin\u00e1mica<\/p>\n<p>Elaborada en caucho natural<\/p>\n<p>Anclaje de gancho<\/p>\n","protected":false},"excerpt":{"rendered":"<p>Son escobillas limpiaparabrisas con soporte met\u00e1lico cl\u00e1sico (no son de dise\u00f1o \u201cflat\u201d o aerodin\u00e1mico plano). \ufffd<br \/>\nBosch<br \/>\nEst\u00e1n hechas con goma natural recubierta de grafito, lo que ayuda a limpiar el parabrisas de manera suave pero efectiva, con menos ruido y buen deslizamiento. \ufffd<br \/>\nBosch<br \/>\nEl soporte met\u00e1lico protege contra la corrosi\u00f3n y da robustez a la plumilla. \ufffd<\/p>\n","protected":false},"featured_media":7344,"template":"","meta":[],"product_brand":[],"product_cat":[93],"product_tag":[143],"class_list":{"0":"post-7343","1":"product","2":"type-product","3":"status-publish","4":"has-post-thumbnail","6":"product_cat-renault2","7":"product_tag-duster-2012-2016","9":"first","10":"instock","11":"shipping-taxable","12":"purchasable","13":"product-type-simple"},"_links":{"self":[{"href":"https:\/\/centerwiper.com\/index.php?rest_route=\/wp\/v2\/product\/7343","targetHints":{"allow":["GET"]}}],"collection":[{"href":"https:\/\/centerwiper.com\/index.php?rest_route=\/wp\/v2\/product"}],"about":[{"href":"https:\/\/centerwiper.com\/index.php?rest_route=\/wp\/v2\/types\/product"}],"wp:featuredmedia":[{"embeddable":true,"href":"https:\/\/centerwiper.com\/index.php?rest_route=\/wp\/v2\/media\/7344"}],"wp:attachment":[{"href":"https:\/\/centerwiper.com\/index.php?rest_route=%2Fwp%2Fv2%2Fmedia&parent=7343"}],"wp:term":[{"taxonomy":"product_brand","embeddable":true,"href":"https:\/\/centerwiper.com\/index.php?rest_route=%2Fwp%2Fv2%2Fproduct_brand&post=7343"},{"taxonomy":"product_cat","embeddable":true,"href":"https:\/\/centerwiper.com\/index.php?rest_route=%2Fwp%2Fv2%2Fproduct_cat&post=7343"},{"taxonomy":"product_tag","embeddable":true,"href":"https:\/\/centerwiper.com\/index.php?rest_route=%2Fwp%2Fv2%2Fproduct_tag&post=7343"}],"curies":[{"name":"wp","href":"https:\/\/api.w.org\/{rel}","templated":true}]}}